{"id":375,"date":"2020-02-18T13:16:04","date_gmt":"2020-02-18T13:16:04","guid":{"rendered":"http:\/\/ferienwohnanlage.haususedom.de\/?page_id=375"},"modified":"2020-06-22T10:28:32","modified_gmt":"2020-06-22T10:28:32","slug":"reiseinformationen","status":"publish","type":"page","link":"https:\/\/haususedom.de\/?page_id=375","title":{"rendered":"Reiseinformationen"},"content":{"rendered":"\r\n<p><strong>Von Westen <\/strong>kommend (Hamburg) Sie benutzen die Autobahn (A 1- A20), A 20 bis Abfahrt G\u00fctzkow (27) \u00fcber B 111 nach Wolgast. und weiter auf die Insel bis Loddin\/ OT K\u00f6lpinsee &#8211; an der Ampel links in die Strandstra\u00dfe, ca. 300 m. <br>&#8212;&#8212;&#8212;&#8212;&#8212;&#8212;&#8212;&#8212;&#8212;&#8212;&#8212;&#8212;&#8212;&#8212;&#8212;&#8212;&#8212;&#8212;&#8212;&#8212;&#8212;&#8212;&#8212;&#8212;&#8212;&#8212;&#8212;&#8212;&#8212;&#8212;&#8212;&#8212;&#8212;&#8212;&#8212;&#8212;&#8212;&#8212;&#8212;&#8212;&#8212;&#8212;&#8212;&#8212;&#8212;&#8212;&#8212;&#8212;&#8212;&#8212;&#8212;&#8212;&#8212;&#8211;<br><br><strong> Von S\u00fcden <\/strong>kommend (Berlin) Sie benutzen die Autobahn (A 11 &#8211; A20), A 20 Abfahrt G\u00fctzkow (27) \u00fcber Wolgast bis K\u00f6lpinsee &#8211; an der Ampel links in die Strandstra\u00dfe, ca. 300 m. oder Abfahrt Friedland, weiter in Richtung Anklam &#8211; Stadt Usedom (B 110) &#8211; Mellenthin (L265) bis Schmollensee- links auf die (B 111) bis K\u00f6lpinsee &#8211; an der Ampel rechts in die Strandstra\u00dfe ca. 300 m. <br>&#8212;&#8212;&#8212;&#8212;&#8212;&#8212;&#8212;&#8212;&#8212;&#8212;&#8212;&#8212;&#8212;&#8212;&#8212;&#8212;&#8212;&#8212;&#8212;&#8212;&#8212;&#8212;&#8212;&#8212;&#8212;&#8212;&#8212;&#8212;&#8212;&#8212;&#8212;&#8212;&#8212;&#8212;&#8212;&#8212;&#8212;&#8212;&#8212;&#8212;&#8212;&#8212;&#8212;&#8212;&#8212;&#8212;&#8212;&#8212;&#8212;&#8212;&#8212;&#8212;&#8212;&#8212;<br><br>Zwei Br\u00fccken verbinden uns mit dem Festland (\u00fcber Wolgast oder \u00fcber die Stadt Usedom &#8211; Br\u00fccken\u00f6ffungszeiten beachten)<\/p>\r\n\r\n\r\n\r\n<p>&nbsp;<\/p>\r\n\r\n\r\n\r\n<p class=\"has-text-align-left\"><img loading=\"lazy\" decoding=\"async\" width=\"150\" height=\"76\" class=\"wp-image-541\" style=\"width: 150px;\" src=\"http:\/\/ferienwohnanlage.haususedom.de\/wp-content\/uploads\/2020\/03\/ubb1.jpg\" alt=\"\"> <strong>Bahn <\/strong>Berlin &#8211; Z\u00fcssow &#8211; hier umsteigen in die UBB und direkt bis Ostseebahnhof &#8211; K\u00f6lpinsee oder Hamburg &#8211; Stralsund &#8211; Z\u00fcssow &#8211; hier umsteigen in die UBB und direkt bis Ostseebahnhof &#8211; K\u00f6lpinsee Bahnverbindung: <a href=\"https:\/\/www.bahn.de\">.: Bahn <\/a><a href=\"https:\/\/www.ubb-online.de\" target=\"_blank\" rel=\"noreferrer noopener\" aria-label=\".: UBB  (\u00f6ffnet in neuem Tab)\">.: UBB <\/a><\/p>\r\n\r\n\r\n\r\n<p class=\"has-text-align-left\"><img loading=\"lazy\" decoding=\"async\" width=\"150\" height=\"74\" class=\"wp-image-545\" style=\"width: 150px;\" src=\"http:\/\/ferienwohnanlage.haususedom.de\/wp-content\/uploads\/2020\/03\/flieger-1.jpg\" alt=\"\"> <strong>Mit dem Flugzeug <\/strong>Flughafen Heringsdorf, Individualanreise mit Taxi oder Autovermietung ab Flughafen bis K\u00f6lpinsee, Transfer f\u00fcr Reisegruppen <a href=\"https:\/\/www.flughafen-heringsdorf.de\">.: <\/a><a href=\"https:\/\/www.flughafen-heringsdorf.de\" target=\"_blank\" rel=\"noreferrer noopener\" aria-label=\"Flughafen Heringsdorf  (\u00f6ffnet in neuem Tab)\">Flughafen Heringsdorf <\/a><\/p>\r\n\r\n\r\n\r\n<p><br>&nbsp;<br><iframe loading=\"lazy\" src=\"https:\/\/maps.google.com\/maps\/ms?msid=206694527563936360356.0004eb9e38b9594590d55&amp;msa=0&amp;ie=UTF8&amp;t=m&amp;ll=54.036812,14.024048&amp;spn=1.129097,2.746582&amp;z=8&amp;output=embed\" width=\"700\" height=\"450\" frameborder=\"0\" marginwidth=\"0\" marginheight=\"0\" scrolling=\"no\"><\/iframe><br><small><a style=\"color: #0000ff; text-align: left;\" href=\"https:\/\/maps.google.com\/maps\/ms?msid=206694527563936360356.0004eb9e38b9594590d55&amp;msa=0&amp;ie=UTF8&amp;t=m&amp;ll=54.036812,14.024048&amp;spn=1.129097,2.746582&amp;z=8&amp;source=embed\">Ferienanlage Haus Usedom<\/a> auf einer gr\u00f6\u00dferen Karte anzeigen<\/small> <br><br><\/p>","protected":false},"excerpt":{"rendered":"<p>Von Westen kommend (Hamburg) Sie benutzen die Autobahn (A 1- A20), A 20 bis Abfahrt G\u00fctzkow (27) \u00fcber B 111 nach Wolgast. und weiter auf die Insel bis Loddin\/ OT K\u00f6lpinsee &#8211; an der Ampel &#8230;<\/p>\n","protected":false},"author":1,"featured_media":0,"parent":0,"menu_order":0,"comment_status":"closed","ping_status":"closed","template":"","meta":{"_exactmetrics_skip_tracking":false,"_exactmetrics_sitenote_active":false,"_exactmetrics_sitenote_note":"","_exactmetrics_sitenote_category":0,"_monsterinsights_skip_tracking":false,"_monsterinsights_sitenote_active":false,"_monsterinsights_sitenote_note":"","_monsterinsights_sitenote_category":0,"ngg_post_thumbnail":0,"footnotes":""},"class_list":["post-375","page","type-page","status-publish","hentry"],"aioseo_notices":[],"_links":{"self":[{"href":"https:\/\/haususedom.de\/index.php?rest_route=\/wp\/v2\/pages\/375"}],"collection":[{"href":"https:\/\/haususedom.de\/index.php?rest_route=\/wp\/v2\/pages"}],"about":[{"href":"https:\/\/haususedom.de\/index.php?rest_route=\/wp\/v2\/types\/page"}],"author":[{"embeddable":true,"href":"https:\/\/haususedom.de\/index.php?rest_route=\/wp\/v2\/users\/1"}],"replies":[{"embeddable":true,"href":"https:\/\/haususedom.de\/index.php?rest_route=%2Fwp%2Fv2%2Fcomments&post=375"}],"version-history":[{"count":26,"href":"https:\/\/haususedom.de\/index.php?rest_route=\/wp\/v2\/pages\/375\/revisions"}],"predecessor-version":[{"id":1148,"href":"https:\/\/haususedom.de\/index.php?rest_route=\/wp\/v2\/pages\/375\/revisions\/1148"}],"wp:attachment":[{"href":"https:\/\/haususedom.de\/index.php?rest_route=%2Fwp%2Fv2%2Fmedia&parent=375"}],"curies":[{"name":"wp","href":"https:\/\/api.w.org\/{rel}","templated":true}]}}